 the remainder when 14475 is divided by 3607.
47
Calculate the remainder when 16914 is divided by 217.
205
What is the remainder when 379439 is divided by 496?
495
What is the remainder when 213677 is divided by 298?
11
What is the remainder when 18066 is divided by 4489?
110
What is the remainder when 35165 is divided by 105?
95
Calculate the remainder when 153780 is divided by 3576.
12
What is the remainder when 25883 is divided by 12939?
5
What is the remainder when 31940 is divided by 172?
120
Calculate the remainder when 96587 is divided by 235.
2
Calculate the remainder when 1328 is divided by 325.
28
What is the remainder when 63532 is divided by 22?
18
What is the remainder when 57884 is divided by 191?
11
Calculate the remainder when 943 is divided by 912.
31
Calculate the remainder when 23016 is divided by 3833.
18
What is the remainder when 14030 is divided by 172?
98
What is the remainder when 19682 is divided by 74?
72
What is the remainder when 87647 is divided by 33?
32
What is the remainder when 7177 is divided by 7049?
128
What is the remainder when 60741 is divided by 196?
177
Calculate the remainder when 254764 is divided by 367.
66
Calculate the remainder when 85470 is divided by 87.
36
What is the remainder when 65460 is divided by 157?
148
Calculate the remainder when 50153 is divided by 4558.
15
Calculate the remainder when 20222 is divided by 698.
678
Calculate the remainder when 45981 is divided by 177.
138
Calculate the remainder when 120151 is divided by 15016.
23
What is the remainder when 46353 is divided by 5?
3
Calculate the remainder when 2096 is divided by 1046.
4
Calculate the remainder when 81133 is divided by 226.
225
What is the remainder when 81155 is divided by 24?
11
What is the remainder when 103824 is divided by 707?
602
Calculate the remainder when 4849 is divided by 1104.
433
What is the remainder when 55403 is divided by 55?
18
What is the remainder when 3199 is divided by 249?
211
Calculate the remainder when 15249 is divided by 1386.
3
Calculate the remainder when 6198 is divided by 15.
3
Calculate the remainder when 8313 is divided by 242.
85
What is the remainder when 33034 is divided by 5502?
22
What is the remainder when 12315 is divided by 90?
75
Calculate the remainder when 43233 is divided by 547.
20
Calculate the remainder when 2684 is divided by 190.
24
Calculate the remainder when 7589 is divided by 758.
9
What is the remainder when 80952 is divided by 35?
32
What is the remainder when 496 is divided by 107?
68
Calculate the remainder when 37001 is divided by 4.
1
What is the remainder when 6116374 is divided by 56?
54
Calculate the remainder when 838 is divided by 801.
37
What is the remainder when 8238 is divided by 354?
96
What is the remainder when 749396 is divided by 8?
4
Calculate the remainder when 299038 is divided by 394.
386
Calculate the remainder when 416518 is divided by 801.
799
What is the remainder when 568717 is divided by 20311?
9
What is the remainder when 268811 is divided by 5600?
11
What is the remainder when 493 is divided by 139?
76
What is the remainder when 5991 is divided by 102?
75
What is the remainder when 156944 is divided by 132?
128
Calculate the remainder when 48350 is divided by 3.
2
Calculate the remainder when 9998 is divided by 1982.
88
What is the remainder when 3508 is divided by 730?
588
What is the remainder when 2931 is divided by 109?
97
What is the remainder when 42834 is divided by 4254?
294
What is the remainder when 205 is divided by 201?
4
Calculate the remainder when 572426 is divided by 111.
110
What is the remainder when 14090 is divided by 4507?
569
Calculate the remainder when 46020 is divided by 11433.
288
Calculate the remainder when 2782 is divided by 65.
52
What is the remainder when 26075 is divided by 1466?
1153
What is the remainder when 91324 is divided by 1127?
37
What is the remainder when 176 is divided by 131?
45
Calculate the remainder when 595436 is divided by 37.
32
What is the remainder when 20125 is divided by 178?
11
What is the remainder when 814965 is divided by 756?
753
Calculate the remainder when 895 is divided by 889.
6
What is the remainder when 162680 is divided by 18?
14
Calculate the remainder when 845 is divided by 206.
21
What is the remainder when 1469 is divided by 1044?
425
Calculate the remainder when 909 is divided by 20.
9
Calculate the remainder when 193991 is divided by 610.
11
What is the remainder when 7610 is divided by 420?
50
What is the remainder when 334242 is divided by 334240?
2
Calculate the remainder when 96290 is divided by 61.
32
What is the remainder when 646778 is divided by 365?
363
Calculate the remainder when 7047 is divided by 295.
262
Calculate the remainder when 2486 is divided by 53.
48
What is the remainder when 73511 is divided by 3341?
9
Calculate the remainder when 83626 is divided by 36.
34
Calculate the remainder when 2915 is divided by 1244.
427
Calculate the remainder when 32033 is divided by 195.
53
Calculate the remainder when 4215 is divided by 1403.
6
Calculate the remainder when 157519 is divided by 220.
219
Calculate the remainder when 119198 is divided by 19865.
8
What is the remainder when 14108 is divided by 14079?
29
What is the remainder when 3162 is divided by 213?
180
Calculate the remainder when 72696 is divided by 3.
0
Calculate the remainder when 4430 is divided by 740.
730
Calculate the remainder when 41173 is divided by 14.
13
Calculate the remainder when 33455 is divided by 277.
215
Calculate the remainder when 13066 is divided by 214.
12
What is the remainder when 1564 is divided by 173?
7
Calculate the remainder when 482 is divided by 23.
22
What is the remainder when 12803 is divided by 93?
62
Calculate the remainder when 24919 is divided by 99.
70
Calculate the remainder when 437 is divided by 86.
7
Calculate the remainder when 471943 is divided by 248.
247
What is the remainder when 44433 is divided by 14795?
48
What is the remainder when 1587 is divided by 231?
201
Calculate the remainder when 8668 is divided by 1238.
2
Calculate the remainder when 65484 is divided by 84.
48
What is the remainder when 390 is divided by 86?
46
Calculate the remainder when 1078689 is divided by 1345.
1344
What is the remainder when 68719 is divided by 87?
76
Calculate the remainder when 48902 is divided by 418.
414
What is the remainder when 204211 is divided by 79?
75
Calculate the remainder when 29960 is divided by 97.
84
What is the remainder when 57576 is divided by 28756?
64
Calculate the remainder when 21429 is divided by 10440.
549
What is the remainder when 56510 is divided by 189?
188
What is the remainder when 7631 is divided by 173?
19
What is the remainder when 24849 is divided by 8234?
147
What is the remainder when 25816 is divided by 8394?
634
Calculate the remainder when 828759 is divided by 45.
39
What is the remainder when 5694 is divided by 984?
774
Calculate the remainder when 1056 is divided by 250.
56
Calculate the remainder when 23527 is divided by 3.
1
What is the remainder when 14701 is divided by 861?
64
What is the remainder when 239 is divided by 185?
54
What is the remainder when 19346 is divided by 90?
86
Calculate the remainder when 21266 is divided by 62.
0
Calculate the remainder when 3940 is divided by 1618.
704
Calculate the remainder when 8717 is divided by 20.
17
What is the remainder when 10594 is divided by 57?
49
Calculate the remainder when 4368 is divided by 1022.
280
Calculate the remainder when 14541 is divided by 149.
88
Calculate the remainder when 209427 is divided by 10471.
7
Calculate the remainder when 123262 is divided by 1417.
1400
Calculate the remainder when 26444 is divided by 4.
0
What is the remainder when 222000 is divided by 400?
0
Calculate the remainder when 794745 is divided by 138.
3
What is the remainder when 16686 is divided by 34?
26
Calculate the remainder when 1148313 is divided by 52.
49
Calculate the remainder when 86474 is divided by 29.
25
What is the remainder when 1203 is divided by 590?
23
What is the remainder when 32398 is divided by 240?
238
Calculate the remainder when 908 is divided by 338.
232
What is the remainder when 226933 is divided by 2?
1
What is the remainder when 1414